at is the tens digit of 5386?
8
What is the tens digit of 1027?
2
What is the hundreds digit of 1989?
9
What is the hundreds digit of 2341?
3
What is the units digit of 2618?
8
What is the thousands digit of 5276?
5
What is the tens digit of 10679?
7
What is the hundreds digit of 60702?
7
What is the hundreds digit of 18038?
0
What is the units digit of 158?
8
What is the hundreds digit of 33714?
7
What is the thousands digit of 1886?
1
What is the hundreds digit of 2372?
3
What is the thousands digit of 9607?
9
What is the thousands digit of 3249?
3
What is the hundreds digit of 1079?
0
What is the hundred thousands digit of 178069?
1
What is the thousands digit of 1235?
1
What is the ten thousands digit of 19826?
1
What is the thousands digit of 9620?
9
What is the tens digit of 10355?
5
What is the units digit of 925?
5
What is the hundreds digit of 60335?
3
What is the units digit of 11629?
9
What is the hundreds digit of 1762?
7
What is the ten thousands digit of 18198?
1
What is the thousands digit of 8057?
8
What is the ten thousands digit of 10365?
1
What is the hundreds digit of 18989?
9
What is the ten thousands digit of 29875?
2
What is the thousands digit of 3636?
3
What is the thousands digit of 19865?
9
What is the tens digit of 2558?
5
What is the hundreds digit of 1018?
0
What is the tens digit of 50643?
4
What is the tens digit of 6308?
0
What is the ten thousands digit of 90292?
9
What is the hundreds digit of 55819?
8
What is the units digit of 11128?
8
What is the tens digit of 32?
3
What is the units digit of 71482?
2
What is the tens digit of 689?
8
What is the units digit of 12354?
4
What is the units digit of 8198?
8
What is the units digit of 33178?
8
What is the thousands digit of 1586?
1
What is the thousands digit of 79510?
9
What is the units digit of 1537?
7
What is the hundreds digit of 4045?
0
What is the units digit of 16208?
8
What is the ten thousands digit of 12987?
1
What is the ten thousands digit of 40814?
4
What is the units digit of 2932?
2
What is the thousands digit of 9337?
9
What is the hundreds digit of 3851?
8
What is the hundreds digit of 6326?
3
What is the units digit of 157?
7
What is the hundreds digit of 144?
1
What is the tens digit of 76561?
6
What is the thousands digit of 12931?
2
What is the units digit of 152?
2
What is the thousands digit of 5498?
5
What is the ten thousands digit of 14663?
1
What is the units digit of 1049?
9
What is the units digit of 2599?
9
What is the hundreds digit of 973?
9
What is the hundreds digit of 549?
5
What is the units digit of 113?
3
What is the thousands digit of 5777?
5
What is the hundreds digit of 2636?
6
What is the thousands digit of 13551?
3
What is the hundreds digit of 2625?
6
What is the hundreds digit of 7996?
9
What is the tens digit of 1852?
5
What is the hundreds digit of 6520?
5
What is the tens digit of 8066?
6
What is the thousands digit of 5247?
5
What is the thousands digit of 57403?
7
What is the units digit of 25015?
5
What is the thousands digit of 9066?
9
What is the hundreds digit of 5381?
3
What is the units digit of 35247?
7
What is the units digit of 1258?
8
What is the units digit of 13845?
5
What is the thousands digit of 15489?
5
What is the tens digit of 962?
6
What is the ten thousands digit of 26474?
2
What is the units digit of 312?
2
What is the thousands digit of 4492?
4
What is the thousands digit of 3281?
3
What is the hundreds digit of 34481?
4
What is the thousands digit of 39076?
9
What is the ten thousands digit of 105413?
0
What is the thousands digit of 1582?
1
What is the tens digit of 62329?
2
What is the hundreds digit of 39467?
4
What is the units digit of 17356?
6
What is the thousands digit of 56868?
6
What is the units digit of 2485?
5
What is the tens digit of 24532?
3
What is the tens digit of 5688?
8
What is the units digit of 4510?
0
What is the thousands digit of 3510?
3
What is the thousands digit of 8274?
8
What is the ten thousands digit of 11033?
1
What is the units digit of 636?
6
What is the units digit of 2481?
1
What is the thousands digit of 3394?
3
What is the units digit of 6970?
0
What is the tens digit of 4567?
6
What is the tens digit of 2641?
4
What is the tens digit of 654?
5
What is the tens digit of 121223?
2
What is the ten thousands digit of 36233?
3
What is the tens digit of 2460?
6
What is the hundreds digit of 175178?
1
What is the hundreds digit of 39524?
5
What is the thousands digit of 5632?
5
What is the tens digit of 2142?
4
What is the hundreds digit of 2708?
7
What is the hundreds digit of 157575?
5
What is the units digit of 81905?
5
What is the ten thousands digit of 22336?
2
What is the ten thousands digit of 10475?
1
What is the thousands digit of 49866?
9
What is the ten thousands digit of 68308?
6
What is the hundreds digit of 379?
3
What is the thousands digit of 37341?
7
What is the tens digit of 1199?
9
What is the hundreds digit of 319?
3
What is the hundreds digit of 48780?
7
What is the units digit of 386?
6
What is the thousands digit of 1140?
1
What is the thousands digit of 3652?
3
What is the tens digit of 944?
4
What is the thousands digit of 2177?
2
What is the tens digit of 1040?
4
What is the thousands digit of 12290?
2
What is the units digit of 2638?
8
What is the units digit of 191?
1
What is the tens digit of 2525?
2
What is the tens digit of 886?
8
What is the hundreds digit of 708?
7
What is the hundreds digit of 4274?
2
What is the tens digit of 1739?
3
What is the thousands digit of 2219?
2
What is the units digit of 126364?
4
What is the units digit of 2868?
8
What is the thousands digit of 10258?
0
What is the ten thousands digit of 15062?
1
What is the units digit of 3035?
5
What is the tens digit of 58325?
2
What is the hundred thousands digit of 173575?
1
What is the units digit of 3856?
6
What is the thousands digit of 14499?
4
What is the units digit of 2654?
4
What is the hundreds digit of 18450?
4
What is the thousands digit of 12135?
2
What is the hundreds digit of 593?
5
What is the hundreds digit of 42975?
9
What is the hundreds digit of 3323?
3
What is the tens digit of 13075?
7
What is the tens digit of 35659?
5
What is the units digit of 2217?
7
What is the thousands digit of 121671?
1
What is the ten thousands digit of 147340?
4
What is the units digit of 37?
7
What is the tens digit of 175?
7
What is the units digit of 5741?
1
What is the tens digit of 57886?
8
What is the thousands digit of 6559?
6
What is the hundreds digit of 8401?
4
What is the tens digit of 80664?
6
What is the units digit of 1?
1
What is the tens digit of 5823?
2
What is the tens digit of 10880?
8
What is the ten thousands digit of 21751?
2
What is the hundreds digit of 117108?
1
What is the tens digit of 160?
6
What is the tens digit of 663?
6
What is the units digit of 10064?
4
What is the tens digit of 60778?
7
What is the tens digit of 481?
8
What is the ten thousands digit of 16015?
1
What is the units digit of 37743?
3
What is the units digit of 20?
0
What is the tens digit of 19?
1
What is the tens digit of 3254?
5
What is the tens digit of 17792?
9
What is the hundreds digit of 3887?
8
What is the hundreds digit of 678?
6
What is the hundreds digit of 67561?
5
What is the units digit of 912?
2
What is the tens digit of 663?
6
What is the tens digit of 2030?
3
What is the tens digit of 1155?
5
What is the hundreds digit of 153?
1
What is the hundred thousands digit of 104548?
1
What is the tens digit of 30?
3
What is the thousands digit of 4408?
4
What is the thousands digit of 93215?
3
What is the thousands digit of 3145?
3
What is the units digit of 11736?
6
What is the hundreds digit of 105397?
3
What is the hundreds digit of 912?
9
What is the hundreds digit of 17519?
5
What is the thousands digit of 4658?
4
What is the units digit of 3794?
4
What is the hundred thousands digit of 104470?
1
What is the hundreds digit of 590?
5
What is the hundreds digit of 138858?
8
What is the tens digit of 8374?
7
What is the tens digit of 22541?
4
What is the hundreds digit of 7681?
6
What is the units digit of 13862?
2
What is the units digit of 1644?
4
What is the hundreds digit of 3800?
8
What is the tens digit of 419?
1
What is the hundreds dig